 Let w = 15 + p. What is the remainder when 5 is divided by w?
2
Suppose 19*j = 8*j. Suppose j = -8*y - 2*y + 160. What is the remainder when 1/2 - (-183)/6 is divided by y?
15
Calculate the remainder when 114 is divided by (-4 + 0)/((-56)/182).
10
Suppose -5015*y + 5002*y + 273 = 0. What is the remainder when 607 is divided by y?
19
Suppose -5*s - 5*u + 520 = 0, -4*s + 64*u - 60*u + 448 = 0. What is the remainder when 114 is divided by s?
6
Calculate the remainder when (-24)/(-9)*(-42)/(-4) is divided by (1*-2*-1)/((-90)/(-225)).
3
Let g(b) = -11*b + 79. What is the remainder when 50 is divided by g(6)?
11
Let k(m) = -m**3 - 8*m**2 + 9*m + 3. Suppose 0 = 2*t + 26 - 8. Calculate the remainder when -11 - -9 - (0 + 0 - 9) is divided by k(t).
1
Suppose 45*q - 48*q = -18. Suppose 5*u - q = 2*u. What is the remainder when 4 is divided by u?
0
Let k(o) = 2*o**3 - 7*o**2 + 14*o - 5. Calculate the remainder when 223 is divided by k(4).
22
Let t = 375 + -366. Let m = -6 + 6. Let u(w) = -w**2 + w + 25. Calculate the remainder when u(m) is divided by t.
7
Let b = 524 - 501. Calculate the remainder when b is divided by 35/3 - 2/(-6).
11
Suppose 9*n - 772 = 641. Calculate the remainder when n is divided by 32.
29
Suppose 1953 = -180*u + 201*u. Calculate the remainder when u is divided by 49.
44
Let c(h) = -h**2 - 4*h - 1. Let o be c(-4). Let m = o - -9. What is the remainder when (-4)/22 + (-930)/(-33) + 1 is divided by m?
5
Suppose -712*v + 708*v = -x - 377, 3*v + 4*x - 259 = 0. Calculate the remainder when v is divided by 85.
8
Let y(m) = -m**2 + 21*m - 19. What is the remainder when y(10) is divided by (25 - 2)/(0 + 1)?
22
Let f = -3 - -8. Suppose -5*v = -4*x - 15, f*x = -v - 0 + 3. Suppose x = 4*s + 20, 4*z = -2*s + s + 19. What is the remainder when 9 is divided by z?
3
Suppose 0 = 7*p - 4*p - 30. Let j = 14 - p. Suppose -2*k = -j*k + 18. Calculate the remainder when 24 is divided by k.
6
Let l(x) = -3*x**3 - x**2 + x + 9. What is the remainder when 215 is divided by l(-2)?
26
Suppose c = w - 3*c + 3, -5 = -c. Let j = -258 - -506. Suppose -4*m + 5*v + j = 73, 3*m - 137 = -2*v. Calculate the remainder when m is divided by w.
11
Let z(h) = -57*h - 8. Calculate the remainder when 61 is divided by z(-1).
12
Let t(l) = -2 + 1 + 17*l - 20*l. Let v be t(-6). Suppose w - 2 = v. What is the remainder when w is divided by 11?
8
Let c = -110 - -114. Suppose 0 = -c*f - 2*z + 424, -5*f + 3*z = z - 530. What is the remainder when f is divided by 54?
52
Let p = -937 - -1305. What is the remainder when p is divided by 13?
4
Let u(g) = 6*g**2 - 1. Let c = -46 - -54. Calculate the remainder when u(-2) is divided by c.
7
Let i(r) = -2*r**3 + 3*r**2 + r - 5. What is the remainder when 159 is divided by i(-3)?
13
Let b(j) = j**2 + 35*j + 160. What is the remainder when b(-44) is divided by 43?
40
Let v be ((-7)/(-14))/(1/4). Suppose -6*d = v*d - 72. Calculate the remainder when (17/(-1 - 0))/(-1) is divided by d.
8
Let p(o) = -o + 11. Let w be p(12). Let x be (-2)/(6/10 + w). Suppose x*a = 3*b - 67, -44 = -4*b + 2*b + 3*a. Calculate the remainder when b is divided by 7.
5
Let v = 342 - -177. What is the remainder when v is divided by 26?
25
What is the remainder when 3/12 - (-18188)/16 is divided by 76?
73
Let j = -48 - -60. What is the remainder when 33 is divided by j?
9
Let t = 2826 + -2701. Calculate the remainder when t is divided by 75.
50
Let k(d) = -2*d - 40. Calculate the remainder when 22 is divided by k(-25).
2
Suppose m = -5*r - 87, 0*r - 3*r + 239 = -2*m. Let t = m + 116. Calculate the remainder when t is divided by (-8)/6*9/(-6).
0
Let r(v) = v**2 - 4*v + 3. What is the remainder when r(-3) is divided by 11?
2
Calculate the remainder when 443 is divided by 1/(-2)*-292 + 3 + 2.
141
Let b(x) = x**3 - x**2 + 3*x - 2. Let n = 8 + -5. Suppose 0 = -3*t + 25 + 14. Calculate the remainder when b(n) is divided by t.
12
Suppose 0 = 3*d - 28 - 32. Suppose 0 = -4*y + 8*y - d. Suppose -41 + 126 = y*f. Calculate the remainder when 33 is divided by f.
16
Suppose 0 = 3*l + 235 - 1774. Calculate the remainder when l is divided by 52.
45
Let p(o) = -22*o - 8. Let b be p(-5). Suppose 12*r - b = 9*r. What is the remainder when r is divided by 19?
15
Suppose 0 = -3*j + 6, 2*k - 137 - 9 = -2*j. Suppose -d + 2 = 4*v, -22 = -d - 0*v + v. What is the remainder when k is divided by d?
17
Let t = 19 - 8. Suppose -a = 2, 4*a + 5 + t = 4*h. Suppose -5*d = q - 10, -2*d + 56 = q + h*q. Calculate the remainder when q is divided by 7.
6
Let r(z) be the second derivative of 1/6*z**3 + 2*z**2 - 4*z + 0. What is the remainder when r(7) is divided by 3?
2
Suppose 16 = 2*l + 14, 0 = -3*f + 4*l + 35. Calculate the remainder when 111 is divided by f.
7
Let f be (-4)/(-3)*(0 - 3). Suppose 0 = 4*y + 5*g - 205, -y + 2*g = -g - 64. What is the remainder when y is divided by (1 - -6)/((-2)/f)?
13
Let n be (46/6)/(9/27). Let c = n + -8. Suppose 55 = c*k - 10*k. What is the remainder when 19 is divided by k?
8
Suppose 4*j - 26 = -2*c, j + 25 = 6*j + c. Calculate the remainder when (-1)/((4/(-36))/1) is divided by j.
1
Suppose i = 2*g - 60, 0 = -5*g - 2*i + 97 + 53. Calculate the remainder when 240 is divided by g.
0
Let z = -20 - -139. Let b = 137 - z. Calculate the remainder when b is divided by 15.
3
What is the remainder when 195 is divided by (-154)/55*-5 - (2 + 0)?
3
Suppose 0*d + d = 27. Let k = -605 - -652. What is the remainder when k is divided by d?
20
Let l(f) = -f**3 - 25*f**2 - 27*f - 60. Calculate the remainder when 634 is divided by l(-24).
10
Let x be (28/(-70))/((-2)/(-30)). Suppose 0 = -4*y + 2*y - 88. Calculate the remainder when 29 is divided by y/(-8) + (-3)/x.
5
Suppose -b = 4*b - 125. Suppose 0 = m - 4*t + 2*t - 35, -m - 3*t + b = 0. Calculate the remainder when m is divided by 11.
9
Let n = 2066 - 1990. Calculate the remainder when n is divided by 34.
8
Let j = 14 - 11. Calculate the remainder when 7*(0/3 - 0 - -1) is divided by j.
1
Let w be (-2)/6 - 2/3. Let x = 2 - w. Let s = 113 + -110. Calculate the remainder when x is divided by s.
0
Let o(y) = 36*y + 2. Let c be o(5). Let j = c + -119. Calculate the remainder when j is divided by (-6)/(-5)*360/27.
15
Suppose -185 = -24*y + 23*y. Calculate the remainder when y is divided by 17.
15
Suppose c - 18 = 1. What is the remainder when 51 is divided by c?
13
Suppose -2*h = -h - 15. Suppose -n - 10 + h = 0. What is the remainder when 14 is divided by n?
4
Suppose 6*l - 11*l = 1500. Suppose 8*a = 3*a + 2*t + 16, 22 = 4*a + 3*t. Calculate the remainder when l/(-44) - 4/(-22) is divided by a.
3
Suppose 4*w + 4*s = 8, s = -3*w + 7 + 5. Let j be (0 - (w - 3)) + 137. Calculate the remainder when j/(-6)*(-16)/5 is divided by 25.
22
Suppose 71 = 3*m - 5*x, -5*x - 98 = 2*m - 6*m. Suppose -2*l + 78 = -4*r + l, m = -r - 3*l. What is the remainder when 32 is divided by r/(-2) + (-8)/(-16)?
10
Suppose 37*g - 49562 = -1536. Calculate the remainder when g is divided by 26.
24
Suppose -2*w = -5*t - 41, 4*t - 10 = -14. What is the remainder when w is divided by 4 - (0 + (3 - 4))?
3
Suppose 37 = -2*m + 41. Suppose 0 = m*d - 3 - 27. Let j(a) = a - 1. Calculate the remainder when d is divided by j(7).
3
Let o be 207*(0 - 5)/(-15). Let u = o - 48. What is the remainder when u is divided by 8?
5
Let p(r) = -r**3 - 21*r**2 + 2. Suppose 12*d - 156 - 96 = 0. Calculate the remainder when d is divided by p(-21).
1
Suppose 0 = 6*l - 101 - 7. Calculate the remainder when 85 is divided by l.
13
Let i be -20 - -833 - 8/(-2). Suppose -2*j - t + 325 = 0, 2*t = 4*j + j - i. What is the remainder when j is divided by 28?
23
Let q be -9*(-10)/3 - 4. Let w = q + -36. Calculate the remainder when 23 is divided by 2 + w/2 + 11.
7
Let i = -22 + 9. Let v = -10 - i. Suppose -4*h = 2*j + 3*j - 43, -38 = -v*h + 2*j. Calculate the remainder when 34 is divided by h.
10
Suppose -9 = -2*j - 7. Let x = 32 + j. Calculate the remainder when x is divided by 18.
15
Let s(m) = 21*m - 7. Let o(d) = 2*d**2 - 77*d - 151. What is the remainder when s(5) is divided by o(-2)?
10
Suppose -8*t + 7*t = -64. Let u = t + -52. Calculate the remainder when 35 is divided by u.
11
Let d be (-754)/7 - 6/21. Let v be (1 - 2)/(6/d). Calculate the remainder when 20 is divided by (-42)/(-4) + 9/v.
9
Su